{"version":"1.0","provider_name":"Rafa Zimbaldi","provider_url":"https:\/\/rafazimbaldi.com.br\/novo","title":"Mostra italiana antecipada a Rafa pode ser conferida at\u00e9 o dia 13 deste m\u00eas e organizadores j\u00e1 preveem novo evento em 2018 - Rafa Zimbaldi","type":"rich","width":600,"height":338,"html":"<blockquote class=\"wp-embedded-content\"><a href=\"https:\/\/rafazimbaldi.com.br\/novo\/mostra-italiana\/\">Mostra italiana antecipada a Rafa pode ser conferida at\u00e9 o dia 13 deste m\u00eas e organizadores j\u00e1 preveem novo evento em 2018<\/a><\/blockquote>\n<script type='text\/javascript'>\n<!--\/\/--><![CDATA[\/\/><!--\n\t\t\/*! This file is auto-generated *\/\n\t\t!function(d,l){\"use strict\";var e=!1,n=!1;if(l.querySelector)if(d.addEventListener)e=!0;if(d.wp=d.wp||{},!d.wp.receiveEmbedMessage)if(d.wp.receiveEmbedMessage=function(e){var t=e.data;if(t)if(t.secret||t.message||t.value)if(!\/[^a-zA-Z0-9]\/.test(t.secret)){for(var r,i,a,s=l.querySelectorAll('iframe[data-secret=\"'+t.secret+'\"]'),n=l.querySelectorAll('blockquote[data-secret=\"'+t.secret+'\"]'),o=new RegExp(\"^https?:$\",\"i\"),c=0;c<n.length;c++)n[c].style.display=\"none\";for(c=0;c<s.length;c++)if(r=s[c],e.source===r.contentWindow){if(r.removeAttribute(\"style\"),\"height\"===t.message){if(1e3<(a=parseInt(t.value,10)))a=1e3;else if(~~a<200)a=200;r.height=a}if(\"link\"===t.message)if(i=l.createElement(\"a\"),a=l.createElement(\"a\"),i.href=r.getAttribute(\"src\"),a.href=t.value,o.test(a.protocol))if(a.host===i.host)if(l.activeElement===r)d.top.location.href=t.value}}},e)d.addEventListener(\"message\",d.wp.receiveEmbedMessage,!1),l.addEventListener(\"DOMContentLoaded\",t,!1),d.addEventListener(\"load\",t,!1);function t(){if(!n){n=!0;for(var e,t,r=-1!==navigator.appVersion.indexOf(\"MSIE 10\"),i=!!navigator.userAgent.match(\/Trident.*rv:11\\.\/),a=l.querySelectorAll(\"iframe.wp-embedded-content\"),s=0;s<a.length;s++){if(!(e=a[s]).getAttribute(\"data-secret\"))t=Math.random().toString(36).substr(2,10),e.src+=\"#?secret=\"+t,e.setAttribute(\"data-secret\",t);if(r||i)(t=e.cloneNode(!0)).removeAttribute(\"security\"),e.parentNode.replaceChild(t,e)}}}}(window,document);\n\/\/--><!]]>\n<\/script><iframe sandbox=\"allow-scripts\" security=\"restricted\" src=\"https:\/\/rafazimbaldi.com.br\/novo\/mostra-italiana\/embed\/\" width=\"600\" height=\"338\" title=\"&#8220;Mostra italiana antecipada a Rafa pode ser conferida at\u00e9 o dia 13 deste m\u00eas e organizadores j\u00e1 preveem novo evento em 2018&#8221; &#8212; Rafa Zimbaldi\" frameborder=\"0\" marginwidth=\"0\" marginheight=\"0\" scrolling=\"no\" class=\"wp-embedded-content\"><\/iframe>","thumbnail_url":"https:\/\/rafazimbaldi.com.br\/novo\/wp-content\/uploads\/2017\/04\/20170406_Italianos_int_RZ.jpg","thumbnail_width":800,"thumbnail_height":502,"description":"Em novembro de 2016, uma comitiuva de pol\u00edticos italianos anunciou em primeira m\u00e3o ao vereador Rafa Zimbaldi, durante reuni\u00e3o na presid\u00eancia da C\u00e2mara, que promoveriam um Festival de Cinema Italiano em Campinas. Dito e feito: o festival est\u00e1 ocorrendo e quem n\u00e3o teve a chance de assistir aos filmes ou participar dos debates tem at\u00e9 [&hellip;]"}

Mostra italiana antecipada a Rafa pode ser conferida até o dia 13 deste mês e organizadores já preveem novo evento em 2018 - Rafa Zimbaldi

<blockquote class="wp-embedded-content"><a href="https://rafazimbaldi.com.br/novo/mostra-italiana/">Mostra italiana antecipada a Rafa pode ser conferida até o dia 13 deste mês e organizadores já preveem novo evento em 2018</a></blockquote>
<script type='text/javascript'>
<!--//--><![CDATA[//><!--
		/*! This file is auto-generated */
		!function(d,l){"use strict";var e=!1,n=!1;if(l.querySelector)if(d.addEventListener)e=!0;if(d.wp=d.wp||{},!d.wp.receiveEmbedMessage)if(d.wp.receiveEmbedMessage=function(e){var t=e.data;if(t)if(t.secret||t.message||t.value)if(!/[^a-zA-Z0-9]/.test(t.secret)){for(var r,i,a,s=l.querySelectorAll('iframe[data-secret="'+t.secret+'"]'),n=l.querySelectorAll('blockquote[data-secret="'+t.secret+'"]'),o=new RegExp("^https?:$","i"),c=0;c<n.length;c++)n[c].style.display="none";for(c=0;c<s.length;c++)if(r=s[c],e.source===r.contentWindow){if(r.removeAttribute("style"),"height"===t.message){if(1e3<(a=parseInt(t.value,10)))a=1e3;else if(~~a<200)a=200;r.height=a}if("link"===t.message)if(i=l.createElement("a"),a=l.createElement("a"),i.href=r.getAttribute("src"),a.href=t.value,o.test(a.protocol))if(a.host===i.host)if(l.activeElement===r)d.top.location.href=t.value}}},e)d.addEventListener("message",d.wp.receiveEmbedMessage,!1),l.addEventListener("DOMContentLoaded",t,!1),d.addEventListener("load",t,!1);function t(){if(!n){n=!0;for(var e,t,r=-1!==navigator.appVersion.indexOf("MSIE 10"),i=!!navigator.userAgent.match(/Trident.*rv:11\./),a=l.querySelectorAll("iframe.wp-embedded-content"),s=0;s<a.length;s++){if(!(e=a[s]).getAttribute("data-secret"))t=Math.random().toString(36).substr(2,10),e.src+="#?secret="+t,e.setAttribute("data-secret",t);if(r||i)(t=e.cloneNode(!0)).removeAttribute("security"),e.parentNode.replaceChild(t,e)}}}}(window,document);
//--><!]]>
</script><iframe sandbox="allow-scripts" security="restricted" src="https://rafazimbaldi.com.br/novo/mostra-italiana/embed/" width="600" height="338" title="&#8220;Mostra italiana antecipada a Rafa pode ser conferida até o dia 13 deste mês e organizadores já preveem novo evento em 2018&#8221; &#8212; Rafa Zimbaldi" frameborder="0" marginwidth="0" marginheight="0" scrolling="no" class="wp-embedded-content"></iframe>

Em novembro de 2016, uma comitiuva de políticos italianos anunciou em primeira mão ao vereador Rafa Zimbaldi, durante reunião na presidência da Câmara, que promoveriam um Festival de Cinema Italiano em Campinas. Dito e feito: o festival está ocorrendo e quem não teve a chance de assistir aos filmes ou participar dos debates tem até [&hellip;]
